 o(0). Let q be 15/2 - (-2)/p. Let u be -2 + -1*q*-2. Calculate the highest common factor of 84 and u.
12
Let h = -4 - -5. What is the highest common divisor of 1 and h?
1
Suppose b - 6*b = -25. Suppose -b*r - 2*x = -184, -2*r = -4*r - 3*x + 78. What is the highest common divisor of 9 and r?
9
Suppose -26 = -h + 4*r + 6, 4*h + r - 111 = 0. What is the highest common divisor of h and 7?
7
Let o be 2 + 1 - (-13 + 1). Let x(j) = 8*j + 5*j + 4*j + 1. Let f be x(7). What is the highest common factor of o and f?
15
Let m = -3 + 6. Suppose 4*x + 16 = -0*x, -56 = -m*y + 5*x. Let u be 5/20 - (-69)/12. What is the greatest common divisor of y and u?
6
Let f(d) = -d**3 - d**2 + 3*d - 1. Let r be f(-5). What is the greatest common factor of 56 and r?
28
Suppose -5*k + 10 = 0, -h - 3*h + 4*k = 0. What is the highest common divisor of h and 6?
2
Let t be ((-16)/(-20))/(1/10). Suppose 4*f + 10 = -f. Let j be (-9)/(f - -1) - 1. What is the highest common factor of t and j?
8
Suppose -4*o = -2*o - 174. Let j = o - 10. Calculate the greatest common factor of j and 7.
7
Suppose 18*p = 14*p + 28. What is the highest common factor of 14 and p?
7
Suppose -8*b + 4*b + 84 = 0. Calculate the greatest common divisor of b and 7.
7
Let l(j) = 16*j**2 + 3*j - 3. Let h be l(-3). What is the greatest common divisor of h and 12?
12
Let l = 14 + -2. Let a(p) = -p**3 - 12*p**2 + 26*p + 20. Let v be a(-14). What is the highest common factor of l and v?
12
Suppose -1 = -i, 1 = b - 3*i + 2. Let p = 0 + b. Calculate the highest common factor of 2 and p.
2
Let k(d) be the third derivative of d**6/20 - d**5/60 + d**4/12 - d**3/6 - 3*d**2. Let t be k(1). What is the greatest common factor of t and 24?
6
Let f(j) = j**3 + 4*j**2 + 3*j + 3. Let h = -17 + 14. Let n be f(h). Calculate the greatest common factor of 6 and n.
3
Suppose -3*s - 18 = -3*h, -9*h = -5*h + 2*s - 30. Let l(f) = 11*f**2 - 4*f - 3 - 2 + 2. Let o be l(-2). Calculate the highest common divisor of o and h.
7
Let n(t) = 2*t**2 - 22*t - 5. Let c be n(-5). What is the greatest common factor of c and 31?
31
Let u be (1 - 40/12)/(2/(-12)). Calculate the greatest common factor of u and 35.
7
Let f(g) = -g + 13. Let c be f(0). Suppose -h = -5*v - 6 - 7, -2*h = -6. Let r be 22*3 - v/(-2). What is the highest common factor of c and r?
13
Let w = 255 - 135. Calculate the highest common divisor of 15 and w.
15
Let t = 40 + 56. Calculate the highest common factor of t and 144.
48
Let u(r) = 9*r + 2 + 0 - 7 + 1. Let g be u(2). What is the greatest common factor of 126 and g?
14
Let j = 36 - 23. Calculate the highest common divisor of j and 52.
13
Suppose 94 + 4 = k. Calculate the highest common divisor of k and 14.
14
Let b(g) = -g - 1. Let q be b(-6). Suppose q*d - 23 = 22. What is the highest common factor of 18 and d?
9
Suppose 3*h - 10 = -1. Let d(m) = 2*m**2 + 2*m + 1. Let c be d(h). Let n = c + -15. Calculate the highest common factor of 40 and n.
10
Let a(q) = q**3 + 7*q**2 - q + 5. Let s be a(-5). Calculate the greatest common factor of s and 20.
20
Let i be 1 + -3 - (-1 - 14). Let z(j) = j**3 - 13*j**2 + 4. Let a be z(i). Calculate the highest common factor of 4 and a.
4
Suppose -q + 35 = -0*q. Suppose i + g + 24 = -3*g, -2*i + 3*g + 7 = 0. Let z be -2 - (7 + -3)*i. Calculate the highest common divisor of q and z.
7
Suppose -5*v + 34 = -316. Suppose 2*d - v = -3*d. Suppose l - d = 21. Calculate the greatest common factor of 7 and l.
7
Let d be -2*2*(-41)/4. Suppose 2*b - d = 29. Let g = 14 + 0. What is the greatest common factor of b and g?
7
Let u be ((-2)/5)/(1/(-5)). Let k be -2 + 0 + u + 60. Let o = 47 - 23. Calculate the highest common factor of o and k.
12
Let f be (4/(-6))/(3/(-45)). Calculate the greatest common factor of 290 and f.
10
Let k(y) = y**2 - 8*y - 7. Let n be k(9). Let g(r) = 4*r**2 - 2*r + 2. Let x be g(n). Calculate the greatest common divisor of x and 42.
14
Let z be (-27)/(-4 + 12/(-128) - -4). Calculate the greatest common factor of 9 and z.
9
Let t(x) = -x + x + 0*x + 26*x**2 - x. Let d be t(1). Let h = d + -15. Calculate the greatest common factor of 20 and h.
10
Suppose -6 = -c + 3*f + 9, 2*f + 24 = 3*c. Let g be (c/(-10))/((-2)/30). Let j = 18 + g. What is the highest common divisor of j and 9?
9
Let s(y) = y**2 - 2*y + 4. Let l be s(0). Suppose -l*c + 8*c - 672 = 0. Calculate the greatest common factor of c and 24.
24
Suppose -m = 2*h - 18, -5*m - 4*h + 79 = 19. Suppose -4*q + 2 = -5*q. Let l(g) = -g**3. Let f be l(q). What is the greatest common divisor of m and f?
8
Let q = 1 - 4. Let v be (0 - 0)/((-6)/q). Suppose v = b - 3*f - 54, -51 = -2*b + 5*f + 61. Calculate the highest common factor of b and 6.
6
Let r be (0 - 4)/(-4)*18. What is the greatest common divisor of 18 and r?
18
Suppose 3*u - 192 = 3*s, 2*u + 60 = s + 188. What is the greatest common divisor of 112 and u?
16
Suppose -6*t - 8 = -2*t. Let q be (-24)/t*14/21. What is the greatest common factor of q and 20?
4
Let j = -34 - -54. What is the greatest common divisor of j and 110?
10
Let g(t) = -3*t**3 - 2*t**2 + t + 2. Let o be g(-2). What is the highest common divisor of o and 1?
1
Suppose -5*w = -25 - 5. Let o be (-50)/(-4) + (-3)/w. Let h be (-482)/(-5) - 26/65. Calculate the greatest common divisor of h and o.
12
Suppose -5*w = -0*w - 70. Let m = 29 - w. Let z be -1 + 0 + -1 + 8. What is the greatest common factor of z and m?
3
Let b be (-4)/(-6)*90/(-24)*-14. Calculate the greatest common factor of b and 245.
35
Let v = -16 - -26. Suppose -18 = -c + v. What is the highest common factor of c and 7?
7
Let l = 9 + -11. Let d = 7 + l. Calculate the highest common divisor of d and 45.
5
Let j = -4 + 17. Suppose -2*h = -0*h + 5*y - 18, 3*y - 10 = -h. Suppose -533 = -4*i - 2*t - 73, -i + 101 = h*t. What is the highest common factor of j and i?
13
Let w be (-8 + 1)/(10/(-8) - -1). What is the greatest common divisor of 4 and w?
4
Let t(z) = -z**3 - 2*z**2 - 3*z - 3. Let w be t(-3). Suppose -f = k - w, 2*f - 4*k = -9*k + 39. Calculate the highest common factor of f and 6.
6
Suppose -4*p - p = -30. Let c be -2 + (-5)/((-5)/p). Suppose c*r + 3*b = 137, 2*b + 178 = 5*r - b. Calculate the greatest common divisor of r and 5.
5
Let u(h) = -h**3 - 3*h**2 - 4*h + 11. Let f be u(-5). Calculate the highest common divisor of f and 9.
9
Suppose -864 = -26*t + 8*t. Suppose 20 = 4*d - 28. Calculate the highest common factor of t and d.
12
Let r be ((-2)/(-1) - 1) + 11. Let n be (9/r)/(1/4). Suppose l + 3*o - 60 = -2*l, l + 3*o = 12. Calculate the greatest common factor of n and l.
3
Let t be 1/((-151)/(-75) - 2). Let o = t - 12. Suppose 2*c + 7 - o = 0. What is the highest common factor of 7 and c?
7
Let p be 0 + 0 + (-16)/(-8). Suppose 0 = p*j - 3*j + 140. Calculate the greatest common divisor of 14 and j.
14
Let j be 2*(68 + (-8)/(-4)). What is the highest common factor of j and 20?
20
Suppose 4*m + 60 = 4*f, 0 = 2*f - 3*m - 0*m - 35. Calculate the highest common factor of 160 and f.
10
Let p(z) = 4*z**2 - 6*z + 2. Let c be p(2). Calculate the highest common divisor of c and 3.
3
Let u = -4 - -10. Let x(n) = 1. Let l(c) = 12*c + 3. Let b(i) = u*x(i) + l(i). Let t be b(9). Calculate the highest common divisor of 13 and t.
13
Suppose -417 = -0*w + 3*w. Let o be 1*-2 - (-3 + w). What is the highest common factor of 14 and o?
14
Let z = -39 + -9. Let l = z + 116. Suppose 0 = r + 3*r - l. Calculate the highest common divisor of 119 and r.
17
Let s(n) = 2*n + 2. Let g be s(3). What is the highest common factor of 1 and g?
1
Let s be (26/10 - 3)*-15. What is the greatest common factor of s and 54?
6
Suppose -2*b + 3*b = 287. Suppose 4*j = 37 + b. What is the greatest common divisor of 54 and j?
27
Suppose r - 9 = -6. What is the highest common factor of r and 27?
3
Let p(y) = y**2 - 11*y + 12. Let q be p(11). Let f(c) = c**2 - 2*c - 3. Let b be f(5). Calculate the highest common factor of q and b.
12
Let r be 2/4*-1*0. Suppose r*y = y - 6. Let h = 5 + y. Calculate the highest common divisor of 99 and h.
11
Suppose 5*x - 7 = -2*l + 15, 5*l = 2*x + 84. What is the highest common divisor of l and 24?
8
Let g(x) = -x**3 - 14*x**2 + 14*x + 33. Let a be g(-15). What is the highest common factor of a and 12?
12
Suppose 4*w = 423 + 369. Let a be w - -6 - 